{"id":4963,"date":"2018-12-26T06:40:55","date_gmt":"2018-12-26T06:40:55","guid":{"rendered":"https:\/\/promoagro.com.gt\/fertilizantes-y-agroquimicos-latinoamerica\/contact-us\/"},"modified":"2022-09-07T13:28:43","modified_gmt":"2022-09-07T13:28:43","slug":"contactenos","status":"publish","type":"page","link":"https:\/\/promoagro.com.gt\/fertilizantes-y-agroquimicos-latinoamerica\/contactenos\/","title":{"rendered":"Contactenos"},"content":{"rendered":"<div class=\"wpb-content-wrapper\">[vc_row full_width=&#8221;stretch_row&#8221;][vc_column width=&#8221;5\/12&#8243; offset=&#8221;vc_col-lg-4 vc_col-md-4 vc_col-xs-12&#8243;]<div class=\"cws_spacing\"><div class=\"cws_spacing cws_spacing_default\" style=\"height:60px;\"><\/div><\/div>[vc_row_inner css=&#8221;.vc_custom_1559126046099{margin-right: 0px !important;margin-left: 0px !important;border-top-width: 1px !important;border-right-width: 1px !important;border-bottom-width: 1px !important;border-left-width: 1px !important;border-left-color: #cacaca !important;border-left-style: solid !important;border-right-color: #cacaca !important;border-right-style: solid !important;border-top-color: #cacaca !important;border-top-style: solid !important;border-bottom-color: #cacaca !important;border-bottom-style: solid !important;border-radius: 5px !important;}&#8221;][vc_column_inner mobile_paddings=&#8221;15px 20px 20px 20px&#8221; css=&#8221;.vc_custom_1559121983768{padding-top: 35px !important;padding-right: 40px !important;padding-bottom: 40px !important;padding-left: 40px !important;}&#8221;]<div class='cws_textmodule cws_vc_shortcode_module' id='cws_textmodule_6a057002901cb'><div class='cws_textmodule_wrapper icon_pos_above'><div class='cws_textmodule_text text_align_center'><div class='cws_textmodule_titles'><div class='cws_textmodule_aside'><h2 class='cws_textmodule_title'><span>Cont\u00e1ctenos<\/span><\/h2><\/div><\/div><\/div><\/div><\/div><div id='cws_service_item_6a0570029092c' class='cws_service_item cws_vc_shortcode_module title_beside a-left  vc_custom_1661042168867'><div class='cws_service_item_wrapper clearfix'><span class='cws_searvice_icon_wrapper cws_searvice_side'><i class='cws_service_icon cws_vc_shortcode_icon_3\u0445 fas fa-phone-alt'><\/i><\/span><div class='cws_service_info'><div class='cws_service_desc clearfix'><p>(502) 2329-5666<br \/>\n(502) 2329-5606<br \/>\n(502) 2329-5611<\/p>\n<\/div><\/div><\/div><\/div><div id='cws_service_item_6a0570029160d' class='cws_service_item cws_vc_shortcode_module title_beside a-left  vc_custom_1661041974494'><div class='cws_service_item_wrapper clearfix'><span class='cws_searvice_icon_wrapper cws_searvice_side'><i class='cws_service_icon cws_vc_shortcode_icon_3\u0445 fas fa-envelope-open'><\/i><\/span><div class='cws_service_info'><div class='cws_service_desc clearfix'><p>ventas@promoagro.com.gt<br \/>\nservicio.cliente@promoagro.com.gt<\/p>\n<\/div><\/div><\/div><\/div><div id='cws_service_item_6a05700291ba1' class='cws_service_item cws_vc_shortcode_module title_beside a-left  vc_custom_1661042447936'><div class='cws_service_item_wrapper clearfix'><span class='cws_searvice_icon_wrapper cws_searvice_side'><i class='cws_service_icon cws_vc_shortcode_icon_3\u0445 fab fa-telegram'><\/i><\/span><div class='cws_service_info'><div class='cws_service_desc clearfix'><p>3 Avenida 2-45 Zona 9<br \/>\nCiudad Guatemala, Centro America<\/p>\n<\/div><\/div><\/div><\/div><div class=\"cws_spacing\"><div class=\"cws_spacing cws_spacing_default\" style=\"height:32px;\"><\/div><\/div>[vc_single_image image=&#8221;7071&#8243; img_size=&#8221;medium&#8221;][\/vc_column_inner][vc_column_inner css=&#8221;.vc_custom_1559121625589{padding-top: 15px !important;padding-right: 40px !important;padding-bottom: 5px !important;padding-left: 40px !important;background-color: #f6f6f6 !important;border-radius: 4px !important;}&#8221;]<div id=\"orgafit_soc_icon_6a05700291d36\" class=\"cws_social_icons icon_size_regular a-center\"><a href='https:\/\/www.facebook.com\/promoagro' class='cws_icon fab fa-facebook' style='color:#a8a8a8;background:transparent;border-color:transparent;font-size:16px;' target='_blank'  title='Facebook'><\/a><a href='https:\/\/www.instagram.com\/grupopromoagro\/' class='cws_icon fab fa-instagram' style='color:#a8a8a8;background:transparent;border-color:transparent;font-size:16px;' target='_blank'  title='Instagram'><\/a><a href='https:\/\/twitter.com\/promoagrosa' class='cws_icon fab fa-twitter-square' style='color:#a8a8a8;background:transparent;border-color:transparent;font-size:16px;' target='_blank'  title='Twitter'><\/a><a href='https:\/\/www.youtube.com\/user\/promoagro' class='cws_icon fab fa-youtube' style='color:#a8a8a8;background:transparent;border-color:transparent;font-size:16px;' target='_blank'  title='Youtube'><\/a><\/div>[\/vc_column_inner][\/vc_row_inner][\/vc_column][vc_column width=&#8221;7\/12&#8243; offset=&#8221;vc_col-lg-8 vc_col-md-8 vc_col-xs-12&#8243;]<div class=\"cws_spacing\"><div class=\"cws_spacing cws_spacing_default\" style=\"height:60px;\"><\/div><\/div>[vc_row_inner css=&#8221;.vc_custom_1559049211119{margin-right: 0px !important;margin-left: 0px !important;}&#8221;][vc_column_inner mobile_paddings=&#8221;15px 20px 20px 20px&#8221; css=&#8221;.vc_custom_1559126053417{padding-top: 35px !important;padding-right: 40px !important;padding-bottom: 40px !important;padding-left: 40px !important;background-color: #ffffff !important;border-radius: 5px !important;}&#8221; inner_col_box_shadow=&#8221;0 8px 26px 11px rgba(122,122,122,0.11)&#8221;]<div class='cws_textmodule cws_vc_shortcode_module' id='cws_textmodule_6a057002924f9'><div class='cws_textmodule_wrapper icon_pos_above'><div class='cws_textmodule_text text_align_left'><div class='cws_textmodule_titles'><div class='cws_textmodule_aside'><h2 class='cws_textmodule_title'><span>No dudes en comunicarte, mandanos un mensaje<\/span><\/h2><\/div><\/div><div class='cws_textmodule_content'><div class='text_content_wrapper'><p>Escr\u00edbenos a trav\u00e9s de este formulario y un asesor especializado se pondr\u00e1 en contacto contigo.<\/p>\n<\/div><\/div><\/div><\/div><\/div>\n<div class=\"wpcf7 no-js\" id=\"wpcf7-f6035-o1\" lang=\"en-US\" dir=\"ltr\" data-wpcf7-id=\"6035\">\n<div class=\"screen-reader-response\"><p role=\"status\" aria-live=\"polite\" aria-atomic=\"true\"><\/p> <ul><\/ul><\/div>\n<form action=\"\/fertilizantes-y-agroquimicos-latinoamerica\/wp-json\/wp\/v2\/pages\/4963#wpcf7-f6035-o1\" method=\"post\" class=\"wpcf7-form init\" aria-label=\"Contact form\" novalidate=\"novalidate\" data-status=\"init\">\n<fieldset class=\"hidden-fields-container\"><input type=\"hidden\" name=\"_wpcf7\" value=\"6035\" \/><input type=\"hidden\" name=\"_wpcf7_version\" value=\"6.1.5\" \/><input type=\"hidden\" name=\"_wpcf7_locale\" value=\"en_US\" \/><input type=\"hidden\" name=\"_wpcf7_unit_tag\" value=\"wpcf7-f6035-o1\" \/><input type=\"hidden\" name=\"_wpcf7_container_post\" value=\"0\" \/><input type=\"hidden\" name=\"_wpcf7_posted_data_hash\" value=\"\" \/>\n<\/fieldset>\n<div class=\"cws_contact_form\">\n\t<div class=\"cws_form_row\">\n\t\t<div class=\"cws_form_column_2\">\n\t\t\t<p><span class=\"wpcf7-form-control-wrap\" data-name=\"your-first-name\"><input size=\"40\" maxlength=\"400\" class=\"wpcf7-form-control wpcf7-text wpcf7-validates-as-required\" aria-required=\"true\" aria-invalid=\"false\" placeholder=\"Nombres*\" value=\"\" type=\"text\" name=\"your-first-name\" \/><\/span>\n\t\t\t<\/p>\n\t\t<\/div>\n\t\t<div class=\"cws_form_column_2\">\n\t\t\t<p><span class=\"wpcf7-form-control-wrap\" data-name=\"your-last-name\"><input size=\"40\" maxlength=\"400\" class=\"wpcf7-form-control wpcf7-text wpcf7-validates-as-required\" aria-required=\"true\" aria-invalid=\"false\" placeholder=\"Apellidos*\" value=\"\" type=\"text\" name=\"your-last-name\" \/><\/span>\n\t\t\t<\/p>\n\t\t<\/div>\n\t<\/div>\n\t<div class=\"cws_form_row\">\n\t\t<div class=\"cws_form_column_2\">\n\t\t\t<p><span class=\"wpcf7-form-control-wrap\" data-name=\"your-email\"><input size=\"40\" maxlength=\"400\" class=\"wpcf7-form-control wpcf7-email wpcf7-validates-as-required wpcf7-text wpcf7-validates-as-email\" aria-required=\"true\" aria-invalid=\"false\" placeholder=\"Correo electr\u00f3nico*\" value=\"\" type=\"email\" name=\"your-email\" \/><\/span>\n\t\t\t<\/p>\n\t\t<\/div>\n\t\t<div class=\"cws_form_column_2\">\n\t\t\t<p><span class=\"wpcf7-form-control-wrap\" data-name=\"your-phone\"><input size=\"40\" maxlength=\"400\" class=\"wpcf7-form-control wpcf7-tel wpcf7-text wpcf7-validates-as-tel\" aria-invalid=\"false\" placeholder=\"Telefono*\" value=\"\" type=\"tel\" name=\"your-phone\" \/><\/span>\n\t\t\t<\/p>\n\t\t<\/div>\n\t<\/div>\n\t<div class=\"cws_form_row\">\n\t\t<div class=\"cws_form_column_1\">\n\t\t\t<p><span class=\"wpcf7-form-control-wrap\" data-name=\"your-message\"><textarea cols=\"40\" rows=\"10\" maxlength=\"2000\" class=\"wpcf7-form-control wpcf7-textarea\" aria-invalid=\"false\" placeholder=\"Mensaje\" name=\"your-message\"><\/textarea><\/span>\n\t\t\t<\/p>\n\t\t<\/div>\n\t<\/div>\n\t<div>\n\t\t<p><input class=\"wpcf7-form-control wpcf7-submit has-spinner\" type=\"submit\" value=\"Enviar mensaje\" \/>\n\t\t<\/p>\n\t<\/div>\n<\/div><p style=\"display: none !important;\" class=\"akismet-fields-container\" data-prefix=\"_wpcf7_ak_\"><label>&#916;<textarea name=\"_wpcf7_ak_hp_textarea\" cols=\"45\" rows=\"8\" maxlength=\"100\"><\/textarea><\/label><input type=\"hidden\" id=\"ak_js_1\" name=\"_wpcf7_ak_js\" value=\"3\"\/><script data-jetpack-boost=\"ignore\" type=\"text\/javascript\">\n\/* <![CDATA[ *\/\ndocument.getElementById( \"ak_js_1\" ).setAttribute( \"value\", ( new Date() ).getTime() );\n\/* ]]> *\/\n<\/script>\n<\/p><div class=\"wpcf7-response-output\" aria-hidden=\"true\"><\/div>\n<\/form>\n<\/div>\n[vc_single_image image=&#8221;7291&#8243; img_size=&#8221;large&#8221; alignment=&#8221;center&#8221; style=&#8221;vc_box_rounded&#8221;][\/vc_column_inner][\/vc_row_inner][\/vc_column][\/vc_row][vc_row][vc_column]<div class=\"cws_spacing cws_spacing_size_sm_desctop-on cws_spacing_tablet-on cws_spacing_mobile-on\"><div class=\"cws_spacing cws_spacing_default\" style=\"height:0px;\"><\/div> <div class=\"cws_spacing cws_spacing_size_sm_desctop\" style=\"height:0px;\"><\/div> <div class=\"cws_spacing cws_spacing_tablet\" style=\"height:0px;\"><\/div> <div class=\"cws_spacing cws_spacing_mobile\" style=\"height:50px;\"><\/div><\/div>[\/vc_column][\/vc_row][vc_row crop=&#8221;1&#8243; crop_style=&#8221;style_2&#8243; css=&#8221;.vc_custom_1559129765711{margin-top: 30px !important;margin-right: 0px !important;margin-left: 0px !important;}&#8221;][vc_column]<div class='cws_textmodule cws_vc_shortcode_module' id='cws_textmodule_6a057002be9b9'><div class='cws_textmodule_wrapper icon_pos_above'><div class='cws_textmodule_text text_align_left'><div class='cws_textmodule_titles'><div class='cws_textmodule_aside'><h2 class='cws_textmodule_title'><span>Oficinas Centrales Grupo PROMOAGRO\u00ae<\/span><\/h2><\/div><\/div><div class='cws_textmodule_content'><div class='text_content_wrapper'><p>Buscanos en Waze y Google Maps como Grupo PROMOAGRO\u00ae\u00a0y Parqueo PROMOAGRO\u00ae<\/p>\n<\/div><\/div><\/div><\/div><\/div><div class=\"cws_spacing\"><div class=\"cws_spacing cws_spacing_default\" style=\"height:32px;\"><\/div><\/div>[vc_column_text]\n            <div \n                class=\"elfsight-widget-google-maps elfsight-widget\" \n                data-elfsight-google-maps-options=\"%7B%22categoriesEnabled%22%3Atrue%2C%22categories%22%3A%5B%5D%2C%22icons%22%3A%5B%5D%2C%22lang%22%3A%22es%22%2C%22distanceUnits%22%3A%22km%22%2C%22markers%22%3A%5B%7B%22position%22%3A%2214.612812162914658%2C%20-90.52141427446765%22%2C%22coordinates%22%3A%2214.612812162914658%2C%20-90.52141427446765%22%2C%22icon%22%3A%22%22%2C%22iconUrl%22%3A%22%22%2C%22infoWindow%22%3Atrue%2C%22infoTitle%22%3A%22Sala%20de%20Ventas%20Central%20-%20Grupo%20PROMOAGRO%22%2C%22infoDescription%22%3A%22Grupo%26nbsp%3B%20PROMOAGRO%5Cu00ae%20una%20empresa%20de%20renombre%20que%20est%5Cu00e1%20presente%20en%20el%20resto%20de%20los%20pa%5Cu00edses%20de%20Centro%20Am%5Cu00e9rica%20comercializando%20marcas%20propias%20que%20en%20forma%20sostenida%20han%20ido%20logrando%20una%20mayor%20participaci%5Cu00f3n%20y%20liderazgo%20en%20el%20mercado%20de%20la%20regi%5Cu00f3n.%22%2C%22infoImage%22%3Anull%2C%22infoAddress%22%3A%223%20Calle%203-27%20Zona%209%2C%20Ciudad%20Guatemala%22%2C%22infoSite%22%3A%22promoagro.com.gt%22%2C%22infoPhone%22%3A%22%2B502%202329-5606%22%2C%22infoEmail%22%3A%22svguatemala%40promoagro.com.gt%22%2C%22infoWorkingHours%22%3A%227%3A00%20am%20a%2015%3A45%20pm%20Lunes-Viernes%22%2C%22infoWindowOpenedByDefault%22%3Atrue%2C%22markerClickAction%22%3A%22infoWindow%22%2C%22animation%22%3A%22drop%22%2C%22linkUrl%22%3A%22%22%2C%22category%22%3A%22%22%7D%5D%2C%22mapType%22%3A%22roadmap%22%2C%22center%22%3A%22auto%22%2C%22zoom%22%3A%22auto%22%2C%22controls%22%3A%5B%22zoom%22%2C%22mapType%22%2C%22scale%22%2C%22streetView%22%2C%22rotate%22%2C%22fullScreen%22%5D%2C%22markerClusterEnabled%22%3Atrue%2C%22markerClusterZoom%22%3Atrue%2C%22markerClusterMin%22%3A2%2C%22markerClusterIcon%22%3A%22default%22%2C%22markerClusterIconColor%22%3A%22%22%2C%22markerClusterIconUrl%22%3Anull%2C%22markerClusterSize%22%3A52%2C%22infoDirections%22%3Atrue%2C%22directionsTarget%22%3A%22inline%22%2C%22scrollwheel%22%3Afalse%2C%22draggable%22%3Atrue%2C%22layers%22%3A%5B%22traffic%22%2C%22transit%22%2C%22streetView%22%5D%2C%22width%22%3A%22auto%22%2C%22height%22%3A%22700%22%2C%22panelEnabled%22%3Atrue%2C%22panelOpenByDefault%22%3Atrue%2C%22panelSearchVisible%22%3Atrue%2C%22panelSearchBy%22%3A%22markers%22%2C%22panelSearchPlaceholder%22%3A%22%22%2C%22panelListItemElements%22%3A%5B%22title%22%2C%22category%22%2C%22image%22%2C%22address%22%2C%22phone%22%2C%22workingHours%22%5D%2C%22mainColor%22%3A%22rgb%2866%2C%20133%2C%20244%29%22%2C%22style%22%3A%22default%22%2C%22colorGeometry%22%3A%22%22%2C%22colorLabelsTextFill%22%3A%22%22%2C%22colorLabelsTextStroke%22%3A%22%22%2C%22colorAdministrativeGeometryStroke%22%3A%22%22%2C%22colorAdministrativeLandParcel%22%3A%22%22%2C%22colorLandscapeNaturalGeometry%22%3A%22%22%2C%22colorPoiGeometry%22%3A%22%22%2C%22colorPoiLabelsTextFill%22%3A%22%22%2C%22colorPoiParkGeometryFill%22%3A%22%22%2C%22colorPoiParkLabelsTextFill%22%3A%22%22%2C%22colorRoadGeometry%22%3A%22%22%2C%22colorRoadArterial%22%3A%22%22%2C%22colorRoadHighway%22%3A%22%22%2C%22colorRoadHighwayGeometryStroke%22%3A%22%22%2C%22colorRoadHighwayControlledAccessGeometry%22%3A%22%22%2C%22colorRoadHighwayControlledAccessGeometryStroke%22%3A%22%22%2C%22colorRoadLocalLabelsTextFill%22%3A%22%22%2C%22colorTransitLineGeometry%22%3A%22%22%2C%22colorTransitLineLabelsTextFill%22%3A%22%22%2C%22colorTransitLineLabelsTextStroke%22%3A%22%22%2C%22colorTransitStationGeometry%22%3A%22%22%2C%22colorWaterGeometryFill%22%3A%22%22%2C%22colorWaterLabelTextFill%22%3A%22%22%2C%22customGoogleMapsStyles%22%3A%22%22%2C%22apiKey%22%3A%22AIzaSyACZptO4q5wEG4o3Qw3N-yyiJYz2hLDxQI%22%2C%22widgetId%22%3A%221%22%7D\" \n                data-elfsight-google-maps-version=\"2.4.2\"\n                data-elfsight-widget-id=\"elfsight-google-maps-1\">\n            <\/div>\n            [\/vc_column_text][\/vc_column][\/vc_row][vc_row][vc_column]<div class=\"cws_spacing\"><div class=\"cws_spacing cws_spacing_default\" style=\"height:32px;\"><\/div><\/div>[vc_raw_html]JTNDYSUyMGNsYXNzJTNEJTIyd2VhdGhlcndpZGdldC1pbyUyMiUyMGhyZWYlM0QlMjJodHRwcyUzQSUyRiUyRmZvcmVjYXN0Ny5jb20lMkZlcyUyRjE0ZDYzbjkwZDUxJTJGZ3VhdGVtYWxhLWNpdHklMkYlMjIlMjBkYXRhLWxhYmVsXzElM0QlMjJDSVVEQUQlMjBHVUFURU1BTEElMjIlMjBkYXRhLWxhYmVsXzIlM0QlMjJDTElNQSUyMEFDVFVBTCUyMiUyMGRhdGEtdGhlbWUlM0QlMjJwdXJlJTIyJTIwJTNFQ0lVREFEJTIwR1VBVEVNQUxBJTIwQ0xJTUElMjBBQ1RVQUwlM0MlMkZhJTNFJTBBJTNDc2NyaXB0JTNFJTBBJTIxZnVuY3Rpb24lMjhkJTJDcyUyQ2lkJTI5JTdCdmFyJTIwanMlMkNmanMlM0RkLmdldEVsZW1lbnRzQnlUYWdOYW1lJTI4cyUyOSU1QjAlNUQlM0JpZiUyOCUyMWQuZ2V0RWxlbWVudEJ5SWQlMjhpZCUyOSUyOSU3QmpzJTNEZC5jcmVhdGVFbGVtZW50JTI4cyUyOSUzQmpzLmlkJTNEaWQlM0Jqcy5zcmMlM0QlMjdodHRwcyUzQSUyRiUyRndlYXRoZXJ3aWRnZXQuaW8lMkZqcyUyRndpZGdldC5taW4uanMlMjclM0JmanMucGFyZW50Tm9kZS5pbnNlcnRCZWZvcmUlMjhqcyUyQ2ZqcyUyOSUzQiU3RCU3RCUyOGRvY3VtZW50JTJDJTI3c2NyaXB0JTI3JTJDJTI3d2VhdGhlcndpZGdldC1pby1qcyUyNyUyOSUzQiUwQSUzQyUyRnNjcmlwdCUzRQ==[\/vc_raw_html][\/vc_column][\/vc_row]\n<\/div>","protected":false},"excerpt":{"rendered":"<p>[vc_row full_width=&#8221;stretch_row&#8221;][vc_column width=&#8221;5\/12&#8243; offset=&#8221;vc_col-lg-4 vc_col-md-4 vc_col-xs-12&#8243;][vc_row_inner css=&#8221;.vc_custom_1559126046099{margin-right: 0px !important;margin-left: 0px !important;border-top-width: 1px !important;border-right-width: 1px !important;border-bottom-width: 1px !important;border-left-width: 1px !important;border-left-color: #cacaca !important;border-left-style: solid !important;border-right-color: #cacaca !important;border-right-style: solid !important;border-top-color: #cacaca !important;border-top-style: solid !important;border-bottom-color: #cacaca !important;border-bottom-style: solid !important;border-radius: 5px !important;}&#8221;][vc_column_inner mobile_paddings=&#8221;15px 20px 20px 20px&#8221; css=&#8221;.vc_custom_1559121983768{padding-top: 35px !important;padding-right: 40px !important;padding-bottom: 40px !important;padding-left: 40px !important;}&#8221;][vc_single_image image=&#8221;7071&#8243; img_size=&#8221;medium&#8221;][\/vc_column_inner][vc_column_inner css=&#8221;.vc_custom_1559121625589{padding-top: 15px !important;padding-right: 40px !important;padding-bottom: 5px !important;padding-left: 40px !important;background-color: #f6f6f6 !important;border-radius: 4px !important;}&#8221;][\/vc_column_inner][\/vc_row_inner][\/vc_column][vc_column width=&#8221;7\/12&#8243; offset=&#8221;vc_col-lg-8 vc_col-md-8 vc_col-xs-12&#8243;][vc_row_inner css=&#8221;.vc_custom_1559049211119{margin-right: 0px !important;margin-left: 0px !important;}&#8221;][vc_column_inner mobile_paddings=&#8221;15px 20px 20px 20px&#8221; css=&#8221;.vc_custom_1559126053417{padding-top: 35px !important;padding-right: 40px !important;padding-bottom: 40px !important;padding-left: 40px !important;background-color: #ffffff !important;border-radius: 5px !important;}&#8221; inner_col_box_shadow=&#8221;0 8px 26px 11px rgba(122,122,122,0.11)&#8221;][vc_single_image image=&#8221;7291&#8243; img_size=&#8221;large&#8221; alignment=&#8221;center&#8221; style=&#8221;vc_box_rounded&#8221;][\/vc_column_inner][\/vc_row_inner][\/vc_column][\/vc_row][vc_row][vc_column][\/vc_column][\/vc_row][vc_row crop=&#8221;1&#8243; crop_style=&#8221;style_2&#8243; css=&#8221;.vc_custom_1559129765711{margin-top: 30px !important;margin-right: 0px !important;margin-left: 0px !important;}&#8221;][vc_column][vc_column_text][\/vc_column_text][\/vc_column][\/vc_row][vc_row][vc_column][vc_raw_html]JTNDYSUyMGNsYXNzJTNEJTIyd2VhdGhlcndpZGdldC1pbyUyMiUyMGhyZWYlM0QlMjJodHRwcyUzQSUyRiUyRmZvcmVjYXN0Ny5jb20lMkZlcyUyRjE0ZDYzbjkwZDUxJTJGZ3VhdGVtYWxhLWNpdHklMkYlMjIlMjBkYXRhLWxhYmVsXzElM0QlMjJDSVVEQUQlMjBHVUFURU1BTEElMjIlMjBkYXRhLWxhYmVsXzIlM0QlMjJDTElNQSUyMEFDVFVBTCUyMiUyMGRhdGEtdGhlbWUlM0QlMjJwdXJlJTIyJTIwJTNFQ0lVREFEJTIwR1VBVEVNQUxBJTIwQ0xJTUElMjBBQ1RVQUwlM0MlMkZhJTNFJTBBJTNDc2NyaXB0JTNFJTBBJTIxZnVuY3Rpb24lMjhkJTJDcyUyQ2lkJTI5JTdCdmFyJTIwanMlMkNmanMlM0RkLmdldEVsZW1lbnRzQnlUYWdOYW1lJTI4cyUyOSU1QjAlNUQlM0JpZiUyOCUyMWQuZ2V0RWxlbWVudEJ5SWQlMjhpZCUyOSUyOSU3QmpzJTNEZC5jcmVhdGVFbGVtZW50JTI4cyUyOSUzQmpzLmlkJTNEaWQlM0Jqcy5zcmMlM0QlMjdodHRwcyUzQSUyRiUyRndlYXRoZXJ3aWRnZXQuaW8lMkZqcyUyRndpZGdldC5taW4uanMlMjclM0JmanMucGFyZW50Tm9kZS5pbnNlcnRCZWZvcmUlMjhqcyUyQ2ZqcyUyOSUzQiU3RCU3RCUyOGRvY3VtZW50JTJDJTI3c2NyaXB0JTI3JTJDJTI3d2VhdGhlcndpZGdldC1pby1qcyUyNyUyOSUzQiUwQSUzQyUyRnNjcmlwdCUzRQ==[\/vc_raw_html][\/vc_column][\/vc_row]<\/p>\n","protected":false},"author":1,"featured_media":0,"parent":0,"menu_order":0,"comment_status":"closed","ping_status":"closed","template":"","meta":{"nf_dc_page":"","om_disable_all_campaigns":false,"_monsterinsights_skip_tracking":false,"_monsterinsights_sitenote_active":false,"_monsterinsights_sitenote_note":"","_monsterinsights_sitenote_category":0,"footnotes":""},"class_list":["post-4963","page","type-page","status-publish","hentry"],"aioseo_notices":[],"jetpack_sharing_enabled":true,"_links":{"self":[{"href":"https:\/\/promoagro.com.gt\/fertilizantes-y-agroquimicos-latinoamerica\/wp-json\/wp\/v2\/pages\/4963","targetHints":{"allow":["GET"]}}],"collection":[{"href":"https:\/\/promoagro.com.gt\/fertilizantes-y-agroquimicos-latinoamerica\/wp-json\/wp\/v2\/pages"}],"about":[{"href":"https:\/\/promoagro.com.gt\/fertilizantes-y-agroquimicos-latinoamerica\/wp-json\/wp\/v2\/types\/page"}],"author":[{"embeddable":true,"href":"https:\/\/promoagro.com.gt\/fertilizantes-y-agroquimicos-latinoamerica\/wp-json\/wp\/v2\/users\/1"}],"replies":[{"embeddable":true,"href":"https:\/\/promoagro.com.gt\/fertilizantes-y-agroquimicos-latinoamerica\/wp-json\/wp\/v2\/comments?post=4963"}],"version-history":[{"count":36,"href":"https:\/\/promoagro.com.gt\/fertilizantes-y-agroquimicos-latinoamerica\/wp-json\/wp\/v2\/pages\/4963\/revisions"}],"predecessor-version":[{"id":7706,"href":"https:\/\/promoagro.com.gt\/fertilizantes-y-agroquimicos-latinoamerica\/wp-json\/wp\/v2\/pages\/4963\/revisions\/7706"}],"wp:attachment":[{"href":"https:\/\/promoagro.com.gt\/fertilizantes-y-agroquimicos-latinoamerica\/wp-json\/wp\/v2\/media?parent=4963"}],"curies":[{"name":"wp","href":"https:\/\/api.w.org\/{rel}","templated":true}]}}